nd m?
12
Let f be 7180/(-30) + (-1)/(-3). Let o = -143 - f. Calculate the highest common factor of o and 32.
32
Let v(o) = o**3 - 3*o**2 - 10*o - 6. Suppose -9*j - 5 = -50. Let z be v(j). Let r be (-1)/z + (-59)/(-6). What is the greatest common divisor of r and 110?
10
Let y(r) = 2 - 1 + 35*r + 20 - 4. Let u be y(8). What is the highest common divisor of 27 and u?
27
Suppose 0 = -3*b + 16 - 1. Suppose -b = 5*w, w - 15 = -5*v - 6. Let i be 22 + -1 + -3 + v. Calculate the greatest common divisor of i and 50.
10
Let c = -99 - -285. Suppose c = 3*p + 66. Calculate the highest common factor of p and 5.
5
Let j(b) = 14*b**3 + b**2 - b + 1. Let u be j(1). Let w = 25 + -15. Calculate the greatest common divisor of u and w.
5
Suppose 3*o - 1770 = -4*v, 1163 = 2*o - v - 28. What is the highest common factor of 22 and o?
22
Suppose 0 = -0*o - 8*o + 568. What is the greatest common divisor of o and 71?
71
Suppose -2*x + 422 = a, -a + 7 - 5 = 0. Calculate the greatest common factor of 120 and x.
30
Let n be (1 + (-10)/4)*-30. Let g(i) = -9*i. Let w be g(-2). What is the highest common divisor of n and w?
9
Let d(a) = -2*a + 9. Let k be d(-6). Let u(j) = -34*j + 3. Let w be u(5). Let c = 64 - w. Calculate the highest common divisor of c and k.
21
Let m be -1*(1 + 3 - -4). Let d = 47 + -22. Let a = m + d. Calculate the greatest common divisor of 187 and a.
17
Let l = 2 - 8. Let q be (10/l)/(1/(-12)). Let j(u) = -3*u**3 + 14*u**2 - 2*u + 6. Let c be j(4). Calculate the greatest common factor of c and q.
10
Let g = 1700 + -1010. Calculate the greatest common divisor of g and 90.
30
Let k(v) = 4*v**2. Let m be k(5). Suppose -111*n + 3023 = -1417. What is the highest common divisor of m and n?
20
Let s(o) = -3*o**2 + 8*o + 15. Let y be s(-4). Let d = -5 - y. Calculate the greatest common divisor of 40 and d.
20
Let k(r) = -r**3 + 17*r**2 - 2*r + 6. Let b be k(13). Calculate the greatest common factor of b and 80.
16
Let p = 8 - 8. Suppose p = -4*z - 0*z + 4. Suppose 0 - z = h + 2*k, 5*k + 6 = -2*h. What is the highest common factor of 63 and h?
7
Suppose 5*v + 25 = 5*l, 4*l + v = 50 - 20. Let j = l + 5. Let y = j + 9. Calculate the greatest common factor of 14 and y.
7
Suppose 1985 = 8*n - 7*n + 4*v, 5*v + 10025 = 5*n. Calculate the greatest common factor of 87 and n.
87
Let n be (3*-2)/(10 + -12). Suppose -5*o = -3*i + 52, n*i - 17 = -7*o + 5*o. Calculate the greatest common divisor of i and 54.
9
Let w = -12 - -14. Let v = 2 + w. Suppose 5*z - 116 = 4*n - 38, 2*n + 60 = v*z. What is the highest common factor of z and 112?
14
Let w be (1 - -5)*264/9. Let f = 808 + -764. What is the greatest common factor of w and f?
44
Let m = 238 - 226. Calculate the greatest common factor of m and 24.
12
Let t be (-744)/(-14) - (-16)/(-14). Calculate the greatest common divisor of 13 and t.
13
Suppose -9*z - 30 = -4*z. Let w = z + 8. Suppose -w*b - n = -27 + 4, 3*b - 5*n - 15 = 0. Calculate the highest common factor of 70 and b.
10
Suppose 0 = 4*p - 2*a - 409 + 127, -3*p + 214 = -4*a. Suppose -3*y - 4*y = -196. Calculate the highest common factor of y and p.
14
Let w be -30*(-3 - (-51)/15). Let d = -7 - w. Suppose -d*u - 5*o = -356 + 81, 4*u = 3*o + 255. Calculate the highest common factor of u and 12.
12
Let n = 28 + -40. Let s = n + 15. Suppose -5*l - s*b + 88 = -6*b, -l = -5*b. Calculate the greatest common divisor of 8 and l.
4
Suppose 9*s = -4*h + 5*s + 68, -4*h - 2*s + 72 = 0. What is the highest common divisor of h and 19?
19
Let v be (8/40*-4)/(1/(-10)). What is the highest common divisor of 82 and v?
2
Let z = 3 + 17. Let l be 12/8*(z + -4). Calculate the highest common divisor of 48 and l.
24
Let l(x) = 4*x**2 + 2*x - 1. Let v be l(2). Suppose 5*m + 8*t - 670 = 7*t, -3*m + 2*t + 389 = 0. Calculate the greatest common factor of v and m.
19
Let x = 301 - 296. What is the greatest common factor of 210 and x?
5
Suppose -8*p + 2727 = -801. Calculate the greatest common divisor of p and 126.
63
Let m(b) be the third derivative of -b**6/120 - 13*b**5/60 - b**4/24 + b**3/3 - 18*b**2. Let y be m(-13). What is the greatest common divisor of y and 75?
15
Let g be (20 - -1)*(-72)/28. Let d be (-146)/(-12) + 9/g. Suppose 6 = d*z - 9*z. What is the greatest common factor of z and 8?
2
Let g(s) = 26*s + 1. Let p be g(1). Let o = -12373 - -12409. Calculate the highest common factor of p and o.
9
Suppose 8 - 17 = -z. Suppose 3*y - 3*q = -3, -4*q + q + 13 = 2*y. Let g be 25 + 4/12*0 + y. Calculate the greatest common factor of g and z.
9
Suppose 2 = g + v, 3*v - 2*v + 2 = g. Suppose -5*w + 115 = g*u, -3*w - 90 = -7*w - 2*u. What is the highest common divisor of w and 5?
5
Suppose 425 + 175 = 24*k. What is the highest common divisor of 105 and k?
5
Let z be (-4)/3*(-225)/10. Suppose -3*k - o = -94, k - 4 - z = -3*o. What is the greatest common divisor of k and 62?
31
Let l(r) = -r**2 + 7*r + 11. Let i be l(8). Suppose -2*b + b + 3 = -5*n, -b = n - i. Suppose 2*d - b = 17. Calculate the greatest common divisor of d and 50.
10
Let d(z) = z**3 - 5*z**2 - 13*z + 11. Let h be d(8). What is the highest common divisor of h and 18?
9
Let m be 38 + -9 - (0 - -6). What is the highest common divisor of 1 and m?
1
Let h = -578 - -686. What is the greatest common factor of 252 and h?
36
Let h(f) = 11*f - 1. Suppose 3*n = -0 + 9. Suppose 3*r - 2*r - 4*g = -n, -2*g + 1 = -r. Let m be h(r). What is the highest common divisor of 90 and m?
10
Let b(w) = 1034*w**2 + 6*w + 4. Let a be b(-1). Calculate the highest common divisor of 24 and a.
24
Suppose 0 = -4*i + 5*i - 6. Suppose -3*b + i + 3 = 0. Suppose 2*n = -5*k + 313, 2*n - b*k = -143 + 448. What is the highest common divisor of n and 14?
14
Let c be (2/(-4))/((-2)/8). Suppose 20 + 18 = 19*w. Suppose -w*i + 87 = 51. What is the highest common factor of i and c?
2
Let i be -6*(2 + 1)*-3. Suppose -o + 10 = -i. What is the highest common factor of 16 and o?
16
Let c(r) be the third derivative of r**6/60 - r**5/60 - 2*r**3/3 - 19*r**2. Let s be c(2). Calculate the highest common divisor of s and 12.
4
Let z be ((-192)/9)/(3/(-9)). Let m(s) = 8*s. Let p be m(12). Calculate the greatest common divisor of z and p.
32
Let c(m) be the second derivative of m**5/20 + 3*m**4/4 + 5*m**2/2 + 32*m. Let x be c(-9). Calculate the highest common divisor of 2 and x.
1
Let j(f) = 52*f - 316. Let g be j(18). Calculate the highest common factor of g and 80.
20
Let v(x) = 2*x**2 - 64*x + 21. Let u be v(32). Let y(c) = -c**3 + c + 7. Let k be y(0). What is the greatest common divisor of k and u?
7
Let r be (13 + 0)*(-7 - -15 - 5). What is the greatest common divisor of r and 624?
39
Let u be 0 - (-16)/(8/2). Suppose u*w = -w - 50. Let s be ((-13)/(-26))/((-1)/w). What is the highest common factor of s and 5?
5
Let t(l) = 36*l + 1515. Let k be t(-40). Suppose 4*d - 104 = -4*x, -2*x + 0*d + d = -64. What is the highest common factor of k and x?
15
Let p = 240 - 16. Let j be 3*2/6*(9 - -1). Let f be (j/(-25))/(2/(-140)). Calculate the greatest common factor of f and p.
28
Let n be 11075/125 - (-9)/(-15). Calculate the highest common divisor of n and 66.
22
Suppose -4*g + 216 = -2*g. Suppose 8*k = 17*k - g. Let h = 11 - 5. Calculate the highest common factor of k and h.
6
Let h = 141 - 30. Let w = h - 56. Suppose 4*i - 30 + 10 = 0. What is the greatest common divisor of i and w?
5
Suppose -41*i + 370 = -1188. Let p(z) = -16*z - 6. Let a be p(-4). Suppose -2*c + 34 = o + c, 2*o = -4*c + a. What is the highest common factor of o and i?
19
Suppose -i - i + 6 = 0, -501 = -4*d + i. Suppose -2*t + d = 4*t. Suppose -4*g - g = -o + t, 4*g - 192 = -5*o. What is the highest common factor of o and 24?
12
Let n(k) = -3*k - 8. Let h(f) = -f + 1. Let j be h(7). Let g be n(j). Calculate the greatest common divisor of g and 50.
10
Let y = 1526 - 1492. Calculate the highest common divisor of 34 and y.
34
Suppose -3*o - 3*i + 55 = -98, -o + i + 53 = 0. What is the highest common divisor of 299 and o?
13
Let u(m) = m**2 - m - 4. Let z(o) = o + 5. Let a be z(-2). Suppose 0 = a*w + 10 - 1. Let q be u(w). What is the highest common divisor of q and 8?
8
Let r be ((-4)/10)/(1/(-20)). Let x = 156 + -116. Calculate the highest common factor of x and r.
8
Let q(u) = -28*u - 5*u + 3 - 2 - 20*u. Let